Suppose -4*m + b = 3*a, 3*m = 2*a + 1 - 40. Calculate the highest common divisor of 126 and a.
18
Suppose -k - 19 = 2*v, 2*v + 45 = -5*k - 26. Let t = k + 63. Suppose -5*m + t = d, -3*d + 0*m = -2*m - 65. Calculate the greatest common factor of d and 10.
5
Suppose 0 = -r - 2*v - 0*v - 495, -3*v - 498 = r. Let i = 335 + r. Let z = 231 + i. Calculate the greatest common divisor of 7 and z.
7
Let p = 5765 - 3841. What is the greatest common divisor of p and 572?
52
Let c(f) = f**2 - 10*f - 24. Let j be c(-10). Let k = 199 - j. Calculate the greatest common factor of 46 and k.
23
Suppose -34*v - 17*v + 969 = 0. What is the highest common divisor of v and 3667?
19
Suppose 4*y = 2*y + 4. Suppose -4*g = 43*c - 41*c - 200, -c = -5*g + 236. Let o be (800/128)/(10/g). What is the greatest common divisor of y and o?
2
Suppose 248 + 1842 = 5*i. Calculate the greatest common divisor of i and 330.
22
Let i(a) = a**3 + a**2. Let o(q) = 197*q**3 - 4*q**2 - 2*q + 3. Let t(w) = 2*i(w) + o(w). Let j be t(1). What is the greatest common factor of 18 and j?
18
Suppose -34*u + 16267 = -15863. Let i = -539 + u. Calculate the highest common divisor of i and 14.
14
Let p be 2/6 - (-762)/(-18). Let k be p/(-7) + 6*20. What is the highest common divisor of 54 and k?
18
Let w(y) = y**3 - 9*y + 4. Let d be w(-3). Suppose -d*t + 38 = 2. Calculate the highest common factor of t and 15.
3
Let z be 6574/57 + 1/(-3). Let b = -109 + z. Suppose -4*o + 1929 = b*a - a, -3*o + 1158 = 3*a. Calculate the highest common divisor of 35 and a.
35
Let n be (-11 - -13)/((-8)/(-276)). Suppose 135 = -3*m + 363. Let o = m - n. Calculate the greatest common factor of o and 63.
7
Let d be (1 - 3 - -4)/((-2)/(-12)). Let x be 2 + 3/((-9)/d). Let y be 165 + (x + -7)*2/6. What is the highest common divisor of y and 18?
18
Let v be -10*(-2 - 9)*2. Calculate the greatest common factor of 5170 and v.
110
Suppose 20 = -r + 6*r + 5*u, r = u + 12. Let j = -215 - -95. Let i be 40/3*j/(-25). Calculate the highest common divisor of r and i.
8
Let w = 2271 - 2260. What is the greatest common divisor of w and 1727?
11
Let a = 17942 + -7758. What is the greatest common factor of a and 38?
38
Let m(v) = -151*v + 183. Let i be m(-17). Calculate the highest common divisor of 225 and i.
25
Let o be (-112)/(-6) - (-4)/(-6). Let i = -104 - -105. Let a = 19 - i. What is the highest common divisor of a and o?
18
Let b be (60/14)/((-11850)/(-420) + -28). Calculate the highest common divisor of 1810 and b.
10
Let l(a) = 3*a**2 - 29*a - 41. Suppose 75 = 5*r - 5*c, 3*r + c = -4 + 33. Let s be l(r). Calculate the highest common divisor of 5 and s.
1
Let l = -1099 - -1149. What is the highest common factor of 10 and l?
10
Let b(s) = -629*s + 58507. Let q be b(93). Let a = -150 + 285. Calculate the greatest common factor of a and q.
5
Suppose 5*j - 14491 - 42368 = 4*q, 0 = j - q - 11371. What is the highest common divisor of j and 125?
125
Let l be -1*165/(-60) - -1*9/(-12). What is the highest common factor of 510 and l?
2
Suppose -57 = 49*v - 155. What is the highest common divisor of 1306 and v?
2
Let q(y) = -y**2 + 16*y + 61. Let r be q(17). Suppose 5*g - r = -6*g. What is the highest common factor of g and 44?
4
Let k = 1688 + -1616. Calculate the highest common divisor of k and 16.
8
Let c be (2 + (-38)/4)*(-200)/(-15). Let d = c - -155. What is the greatest common divisor of 22 and d?
11
Let v = 12 - -538. Suppose 4*o + 65 = 2*u - 39, 2*u + 3*o = 97. What is the greatest common divisor of v and u?
50
Suppose -7*w + 67 = -73. Let c be w/(-25)*(-30)/4. Let d = -3 + 7. What is the highest common factor of c and d?
2
Suppose -447*k - 338*k + 9420 = 0. Let y(v) = -v**2 + 6*v - 3. Let n be y(5). Suppose n = 5*a - 4*a. What is the greatest common factor of k and a?
2
Let b be ((-8)/2 + 2 + 0)*-1. Suppose b*j = 136 + 176. Calculate the greatest common divisor of j and 26.
26
Suppose 3*p + c + 123 = -p, 5*c + 39 = -2*p. Let a = -10 - p. Let u be (-32)/6 + 5 - 14/(-6). What is the greatest common factor of a and u?
2
Suppose -1008 = 2580*k - 2589*k. Calculate the highest common divisor of 2744 and k.
56
Let q = -478 - -479. Suppose -14*j + q = -15*j, 728 = 3*p + j. Calculate the highest common divisor of p and 54.
27
Let w(j) = -9*j - 23. Let m be w(-21). Let k = m + -82. What is the highest common factor of 210 and k?
42
Let g be -29 - (-1 + (13 - 13)). Let w be (-2)/(-1) + -2 + 79. Let f = g + w. Calculate the highest common factor of f and 34.
17
Suppose 265*c - 273*c = -96. Suppose c*b - 80 = 40. Suppose 0 = -0*o - o + 2*h + 162, -3*o + 5*h = -485. What is the highest common divisor of b and o?
10
Let c = 87 - 19. Calculate the greatest common factor of 51 and c.
17
Suppose -832050 = 166*l - 4018088. What is the highest common divisor of l and 17?
17
Suppose -204809 = -75*l - 70*l + 134*l. Calculate the highest common factor of 43 and l.
43
Let i(o) = 2*o - 2. Let m be i(4). Let p = 11 - m. Suppose -p*f + 0 = -20. What is the highest common factor of 4 and f?
4
Let j be 475/25 - -90 - -26. Let b be (3/4)/(1/20). Calculate the highest common divisor of j and b.
15
Suppose 856*c - 852*c + 11758 = 5*v, -v - c + 2357 = 0. What is the highest common factor of 154 and v?
22
Let o = 2302 + -2192. What is the greatest common divisor of 4180 and o?
110
Let l = 1719 + -921. Suppose -146*i = -132*i - l. Calculate the highest common factor of 12 and i.
3
Let f(q) = 2*q**2 - 13*q + 41. Let m be f(5). Let l(k) = k**2 - 4*k + 4. Let w be l(4). Calculate the highest common factor of w and m.
2
Let u(k) = 325*k - 5538. Let v be u(21). Calculate the highest common divisor of 234 and v.
117
Let y(s) = 223*s + 26. Let u be y(7). Let b = 5059 + -4990. What is the greatest common factor of u and b?
69
Suppose -276*a + 17652 = -106548. What is the greatest common factor of a and 250?
50
Suppose 0 = 4*m + 3*z - 296, -5*z = -3*m - 88 + 339. Calculate the greatest common divisor of 275 and m.
11
Let r(g) be the second derivative of 5*g**4/12 - 35*g**3/3 + 5*g**2/2 - 27*g. Let n be r(16). Calculate the highest common factor of 105 and n.
15
Suppose -4*l = -2*r - 2*r - 360, -r + 174 = 2*l. What is the highest common divisor of l and 66?
22
Suppose -85*f = -34900 - 102375. Calculate the highest common divisor of f and 15.
5
Let f(d) = -32*d + 419. Let s be f(12). Let v be 737/3 - 6/9. What is the greatest common divisor of s and v?
35
Let d = -2333 + 2405. Calculate the highest common factor of 234 and d.
18
Let s = 472511 - 471906. Suppose 5 = -f, 0 = 4*o + 3*f - f - 430. What is the highest common divisor of o and s?
55
Let w = -5469 + 6829. What is the greatest common divisor of w and 255?
85
Let s(w) = w**2 + 6*w + 26. Let q be s(-6). Suppose 2*j - i - q = i, -i = -2*j + 21. What is the highest common divisor of 8 and j?
8
Let f be (-20207)/(-3) + (-728)/156. Calculate the greatest common factor of f and 127.
127
Suppose 0 = -3*q + 3*y + 12, 3*q + q + 4*y = 0. Suppose 0 = 7*m - 23 + q. Suppose 3 + 3 = 2*d. What is the greatest common factor of m and d?
3
Let b(t) = 14*t**2 + 0*t + 12*t**2 - 23*t**2 - 16 + 6*t. Let x be b(6). Calculate the greatest common factor of 8 and x.
8
Suppose -52*i + 2*i + 23600 = 0. Let q = -260 + i. Calculate the highest common factor of 53 and q.
53
Suppose t = 8*b + 1, 4*t = -5*b + 22 + 19. Let v be 26/7 + (-4)/(-14). Calculate the greatest common divisor of v and t.
1
Let a = -2 - -4. Let z(o) = 64*o - 638. Let j be z(10). Suppose -162 = -3*x + a*s, -x = -j*x + s + 55. What is the greatest common factor of x and 13?
13
Let w be ((-924)/(-18))/((-2)/3). Let q = w - -92. Suppose p - 480 = -3*p. What is the greatest common divisor of p and q?
15
Suppose 4*x + 261*b - 256*b - 708 = 0, -2*x = -4*b - 328. What is the highest common divisor of x and 1118?
86
Let v be -3 + -1*(-4)/(-1). Let h(d) = d**2 + 6*d + 35. Let y be h(v). What is the greatest common factor of 231 and y?
21
Suppose -6*f + 12*f = -36. Let d be ((-2)/f)/(1/18). Suppose d*b = 22 - 10. What is the greatest common divisor of b and 8?
2
Let c(a) = 3*a**2 - 2*a - 56. Suppose 5*x + 12 = q, -9*x + 13*x - 24 = 5*q. Let h be c(q). Calculate the greatest common factor of h and 8.
8
Suppose 3*j + 0*j = -q + 13, 0 = 4*j + 4*q - 28. Suppose -6*b = -j*b. Suppose -o 